{"id":445,"date":"2022-10-10T10:05:25","date_gmt":"2022-10-10T08:05:25","guid":{"rendered":"https:\/\/www.pielachtaler-schuetzengilde.at\/main\/?page_id=445"},"modified":"2026-03-11T11:28:32","modified_gmt":"2026-03-11T10:28:32","slug":"vorstand","status":"publish","type":"page","link":"https:\/\/www.pielachtaler-schuetzengilde.at\/main\/vorstand\/","title":{"rendered":"Vorstand"},"content":{"rendered":"\t\t<div data-elementor-type=\"wp-page\" data-elementor-id=\"445\" class=\"elementor elementor-445\">\n\t\t\t\t\t\t<section class=\"elementor-section elementor-top-section elementor-element elementor-element-12ab3f2a elementor-section-boxed elementor-section-height-default elementor-section-height-default\" data-id=\"12ab3f2a\" data-element_type=\"section\" data-e-type=\"section\">\n\t\t\t\t\t\t<div class=\"elementor-container elementor-column-gap-default\">\n\t\t\t\t\t<div class=\"elementor-column elementor-col-100 elementor-top-column elementor-element elementor-element-205ffc1a\" data-id=\"205ffc1a\" data-element_type=\"column\" data-e-type=\"column\">\n\t\t\t<div class=\"elementor-widget-wrap elementor-element-populated\">\n\t\t\t\t\t\t<div class=\"elementor-element elementor-element-7a537f48 elementor-widget elementor-widget-text-editor\" data-id=\"7a537f48\" data-element_type=\"widget\" data-e-type=\"widget\" data-widget_type=\"text-editor.default\">\n\t\t\t\t<div class=\"elementor-widget-container\">\n\t\t\t\t\t\t\t\t\t<p><span style=\"color: #000000;\"><\/span><\/p>\n<p><span style=\"color: #000000;\"><strong>Obmann:<\/strong> Kluttig Rudolf<\/span><br \/><span style=\"color: #000000;\"><strong>Sch\u00fctzenmeister:<\/strong> Eberhart Herbert sen.<\/span><br \/><span style=\"color: #000000;\"><strong>Sch\u00fctzenmeister:<\/strong>\u00a0Puchegger Walter<br \/><strong>Sch\u00fctzenmeister:<\/strong> Schalhas Martin<br \/><\/span><span style=\"color: #000000;\"><strong>Schriftf\u00fchrerin:<\/strong> Puchegger Roswitha<\/span><br \/><span style=\"color: #000000;\"><strong>Schriftf\u00fchrer Stellvertreter:<\/strong> Schalhas Birgit<\/span><br \/><span style=\"color: #000000;\"><strong>Kassierin:<\/strong> Eberhart Theresa<\/span><br \/><span style=\"color: #000000;\"><strong>Kassierin Stellvertreter:<\/strong> Grassmann Christine<\/span><\/p>\n<p><span style=\"color: #000000;\"><\/span><\/p>\t\t\t\t\t\t\t\t<\/div>\n\t\t\t\t<\/div>\n\t\t\t\t\t<\/div>\n\t\t<\/div>\n\t\t\t\t\t<\/div>\n\t\t<\/section>\n\t\t\t\t<\/div>\n\t\t","protected":false},"excerpt":{"rendered":"<p>Obmann: Kluttig RudolfSch\u00fctzenmeister: Eberhart Herbert sen.Sch\u00fctzenmeister:\u00a0Puchegger WalterSch\u00fctzenmeister: Schalhas MartinSchriftf\u00fchrerin: Puchegger RoswithaSchriftf\u00fchrer Stellvertreter: Schalhas BirgitKassierin: Eberhart TheresaKassierin Stellvertreter: Grassmann Christine<\/p>\n","protected":false},"author":1,"featured_media":0,"parent":0,"menu_order":0,"comment_status":"closed","ping_status":"closed","template":"","meta":{"footnotes":""},"class_list":["post-445","page","type-page","status-publish","hentry","entry"],"_links":{"self":[{"href":"https:\/\/www.pielachtaler-schuetzengilde.at\/main\/wp-json\/wp\/v2\/pages\/445","targetHints":{"allow":["GET"]}}],"collection":[{"href":"https:\/\/www.pielachtaler-schuetzengilde.at\/main\/wp-json\/wp\/v2\/pages"}],"about":[{"href":"https:\/\/www.pielachtaler-schuetzengilde.at\/main\/wp-json\/wp\/v2\/types\/page"}],"author":[{"embeddable":true,"href":"https:\/\/www.pielachtaler-schuetzengilde.at\/main\/wp-json\/wp\/v2\/users\/1"}],"replies":[{"embeddable":true,"href":"https:\/\/www.pielachtaler-schuetzengilde.at\/main\/wp-json\/wp\/v2\/comments?post=445"}],"version-history":[{"count":6,"href":"https:\/\/www.pielachtaler-schuetzengilde.at\/main\/wp-json\/wp\/v2\/pages\/445\/revisions"}],"predecessor-version":[{"id":1237,"href":"https:\/\/www.pielachtaler-schuetzengilde.at\/main\/wp-json\/wp\/v2\/pages\/445\/revisions\/1237"}],"wp:attachment":[{"href":"https:\/\/www.pielachtaler-schuetzengilde.at\/main\/wp-json\/wp\/v2\/media?parent=445"}],"curies":[{"name":"wp","href":"https:\/\/api.w.org\/{rel}","templated":true}]}}