{"id":356,"date":"2022-10-07T15:00:41","date_gmt":"2022-10-07T13:00:41","guid":{"rendered":"https:\/\/www.pielachtaler-schuetzengilde.at\/main\/?page_id=356"},"modified":"2022-10-07T17:07:57","modified_gmt":"2022-10-07T15:07:57","slug":"klassen","status":"publish","type":"page","link":"https:\/\/www.pielachtaler-schuetzengilde.at\/main\/klassen\/","title":{"rendered":"Klassen"},"content":{"rendered":"\n<figure class=\"wp-block-table\"><table><tbody><tr><td class=\"has-text-align-center\" data-align=\"center\">Jugend A<\/td><td class=\"has-text-align-center\" data-align=\"center\">11 Jahre und j\u00fcnger<\/td><td class=\"has-text-align-center\" data-align=\"center\">m\/w nur LSV N\u00d6<\/td><\/tr><tr><td class=\"has-text-align-center\" data-align=\"center\">Jugend 1<\/td><td class=\"has-text-align-center\" data-align=\"center\">12 &#8211; 13 Jahre<\/td><td class=\"has-text-align-center\" data-align=\"center\">m\/w<\/td><\/tr><tr><td class=\"has-text-align-center\" data-align=\"center\">Jugend 2<\/td><td class=\"has-text-align-center\" data-align=\"center\">14 &#8211; 15 Jahre<\/td><td class=\"has-text-align-center\" data-align=\"center\">m\/w<\/td><\/tr><tr><td class=\"has-text-align-center\" data-align=\"center\">Jungsch\u00fctzen<\/td><td class=\"has-text-align-center\" data-align=\"center\">16 &#8211; 17 Jahre<\/td><td class=\"has-text-align-center\" data-align=\"center\"><\/td><\/tr><tr><td class=\"has-text-align-center\" data-align=\"center\">Jungsch\u00fctzinnen<\/td><td class=\"has-text-align-center\" data-align=\"center\">16 &#8211; 17 Jahre<\/td><td class=\"has-text-align-center\" data-align=\"center\"><\/td><\/tr><tr><td class=\"has-text-align-center\" data-align=\"center\">Junioren<\/td><td class=\"has-text-align-center\" data-align=\"center\">18 &#8211; 20 Jahre<\/td><td class=\"has-text-align-center\" data-align=\"center\"><\/td><\/tr><tr><td class=\"has-text-align-center\" data-align=\"center\">Juniorinnen<\/td><td class=\"has-text-align-center\" data-align=\"center\">18 &#8211; 20 Jahre<\/td><td class=\"has-text-align-center\" data-align=\"center\"><\/td><\/tr><tr><td class=\"has-text-align-center\" data-align=\"center\">M\u00e4nner<\/td><td class=\"has-text-align-center\" data-align=\"center\">21 &#8211; 44 Jahre<\/td><td class=\"has-text-align-center\" data-align=\"center\"><\/td><\/tr><tr><td class=\"has-text-align-center\" data-align=\"center\">Frauen<\/td><td class=\"has-text-align-center\" data-align=\"center\">21 &#8211; 44 Jahre<\/td><td class=\"has-text-align-center\" data-align=\"center\"><\/td><\/tr><tr><td class=\"has-text-align-center\" data-align=\"center\">Seniorinnen1<\/td><td class=\"has-text-align-center\" data-align=\"center\">45 &#8211; 59 Jahre<\/td><td class=\"has-text-align-center\" data-align=\"center\"><\/td><\/tr><tr><td class=\"has-text-align-center\" data-align=\"center\">Senioren 1A<\/td><td class=\"has-text-align-center\" data-align=\"center\">45 &#8211; 51 Jahre<\/td><td class=\"has-text-align-center\" data-align=\"center\">nur LSV N\u00d6<\/td><\/tr><tr><td class=\"has-text-align-center\" data-align=\"center\">Senioren 1B<\/td><td class=\"has-text-align-center\" data-align=\"center\">52 &#8211; 59 Jahre<\/td><td class=\"has-text-align-center\" data-align=\"center\">nur LSV N\u00d6<\/td><\/tr><tr><td class=\"has-text-align-center\" data-align=\"center\">Senioren 2<\/td><td class=\"has-text-align-center\" data-align=\"center\">60 &#8211; 69 Jahre<\/td><td class=\"has-text-align-center\" data-align=\"center\">m\/w<\/td><\/tr><tr><td class=\"has-text-align-center\" data-align=\"center\">Senioren 3A<\/td><td class=\"has-text-align-center\" data-align=\"center\">65 &#8211; 69 Jahre<\/td><td class=\"has-text-align-center\" data-align=\"center\">m\/w nur LSV N\u00d6<\/td><\/tr><tr><td class=\"has-text-align-center\" data-align=\"center\">Senioren 3<\/td><td class=\"has-text-align-center\" data-align=\"center\">70 &#8211; und \u00e4lter<\/td><td class=\"has-text-align-center\" data-align=\"center\">m\/w<\/td><\/tr><\/tbody><\/table><\/figure>\n\n\n\n<p>Ist bei Landesmeisterschaften LG und LP vom LSV N\u00d6 die Klasse Seniorinnen ausgeschrieben, d\u00fcrfen Seniorinnen (m\u00fcssen aber nicht) in dieser Klasse starten.<br>Die Aufteilung der Klasse Senioren in 1A und 1B gilt nur f\u00fcr die Disziplinen LG und LP.<\/p>\n","protected":false},"excerpt":{"rendered":"<p>Jugend A 11 Jahre und j\u00fcnger m\/w nur LSV N\u00d6 Jugend 1 12 &#8211; 13 Jahre m\/w Jugend 2 14 &#8211; 15 Jahre m\/w Jungsch\u00fctzen 16 &#8211; 17 Jahre Jungsch\u00fctzinnen [&hellip;]<\/p>\n","protected":false},"author":1,"featured_media":0,"parent":0,"menu_order":0,"comment_status":"closed","ping_status":"closed","template":"","meta":{"footnotes":""},"class_list":["post-356","page","type-page","status-publish","hentry","entry"],"_links":{"self":[{"href":"https:\/\/www.pielachtaler-schuetzengilde.at\/main\/wp-json\/wp\/v2\/pages\/356","targetHints":{"allow":["GET"]}}],"collection":[{"href":"https:\/\/www.pielachtaler-schuetzengilde.at\/main\/wp-json\/wp\/v2\/pages"}],"about":[{"href":"https:\/\/www.pielachtaler-schuetzengilde.at\/main\/wp-json\/wp\/v2\/types\/page"}],"author":[{"embeddable":true,"href":"https:\/\/www.pielachtaler-schuetzengilde.at\/main\/wp-json\/wp\/v2\/users\/1"}],"replies":[{"embeddable":true,"href":"https:\/\/www.pielachtaler-schuetzengilde.at\/main\/wp-json\/wp\/v2\/comments?post=356"}],"version-history":[{"count":3,"href":"https:\/\/www.pielachtaler-schuetzengilde.at\/main\/wp-json\/wp\/v2\/pages\/356\/revisions"}],"predecessor-version":[{"id":416,"href":"https:\/\/www.pielachtaler-schuetzengilde.at\/main\/wp-json\/wp\/v2\/pages\/356\/revisions\/416"}],"wp:attachment":[{"href":"https:\/\/www.pielachtaler-schuetzengilde.at\/main\/wp-json\/wp\/v2\/media?parent=356"}],"curies":[{"name":"wp","href":"https:\/\/api.w.org\/{rel}","templated":true}]}}