{"id":2,"date":"2022-09-05T12:12:54","date_gmt":"2022-09-05T10:12:54","guid":{"rendered":"https:\/\/www.pielachtaler-schuetzengilde.at\/main\/?page_id=2"},"modified":"2025-08-06T13:04:03","modified_gmt":"2025-08-06T11:04:03","slug":"beispiel-seite","status":"publish","type":"page","link":"https:\/\/www.pielachtaler-schuetzengilde.at\/main\/","title":{"rendered":"Startseite"},"content":{"rendered":"\t\t<div data-elementor-type=\"wp-page\" data-elementor-id=\"2\" class=\"elementor elementor-2\">\n\t\t\t\t\t\t<section class=\"elementor-section elementor-top-section elementor-element elementor-element-6d0371f elementor-section-boxed elementor-section-height-default elementor-section-height-default\" data-id=\"6d0371f\" data-element_type=\"section\" data-e-type=\"section\">\n\t\t\t\t\t\t<div class=\"elementor-container elementor-column-gap-default\">\n\t\t\t\t\t<div class=\"elementor-column elementor-col-16 elementor-top-column elementor-element elementor-element-b9bf881\" data-id=\"b9bf881\" data-element_type=\"column\" data-e-type=\"column\">\n\t\t\t<div class=\"elementor-widget-wrap elementor-element-populated\">\n\t\t\t\t\t\t<div class=\"elementor-element elementor-element-b18a3bf elementor-invisible elementor-widget elementor-widget-image-gallery\" data-id=\"b18a3bf\" data-element_type=\"widget\" data-e-type=\"widget\" data-settings=\"{&quot;_animation&quot;:&quot;fadeInLeft&quot;}\" data-widget_type=\"image-gallery.default\">\n\t\t\t\t<div class=\"elementor-widget-container\">\n\t\t\t\t\t\t\t<div class=\"elementor-image-gallery\">\n\t\t\t<div id='gallery-1' class='gallery galleryid-2 gallery-columns-1 gallery-size-thumbnail'><figure class='gallery-item'>\n\t\t\t<div class='gallery-icon landscape'>\n\t\t\t\t<img decoding=\"async\" width=\"150\" height=\"150\" src=\"https:\/\/www.pielachtaler-schuetzengilde.at\/main\/wp-content\/uploads\/2022\/10\/WhatsApp-Image-2022-09-08-at-20.40.35-150x150.jpeg\" class=\"attachment-thumbnail size-thumbnail\" alt=\"\" srcset=\"https:\/\/www.pielachtaler-schuetzengilde.at\/main\/wp-content\/uploads\/2022\/10\/WhatsApp-Image-2022-09-08-at-20.40.35-150x150.jpeg 150w, https:\/\/www.pielachtaler-schuetzengilde.at\/main\/wp-content\/uploads\/2022\/10\/WhatsApp-Image-2022-09-08-at-20.40.35-600x600.jpeg 600w\" sizes=\"(max-width: 150px) 100vw, 150px\" \/>\n\t\t\t<\/div><\/figure><figure class='gallery-item'>\n\t\t\t<div class='gallery-icon portrait'>\n\t\t\t\t<img decoding=\"async\" width=\"150\" height=\"150\" src=\"https:\/\/www.pielachtaler-schuetzengilde.at\/main\/wp-content\/uploads\/2022\/10\/WhatsApp-Image-2022-09-08-at-20.40.34-150x150.jpeg\" class=\"attachment-thumbnail size-thumbnail\" alt=\"\" srcset=\"https:\/\/www.pielachtaler-schuetzengilde.at\/main\/wp-content\/uploads\/2022\/10\/WhatsApp-Image-2022-09-08-at-20.40.34-150x150.jpeg 150w, https:\/\/www.pielachtaler-schuetzengilde.at\/main\/wp-content\/uploads\/2022\/10\/WhatsApp-Image-2022-09-08-at-20.40.34-600x600.jpeg 600w\" sizes=\"(max-width: 150px) 100vw, 150px\" \/>\n\t\t\t<\/div><\/figure><figure class='gallery-item'>\n\t\t\t<div class='gallery-icon landscape'>\n\t\t\t\t<img decoding=\"async\" width=\"150\" height=\"150\" src=\"https:\/\/www.pielachtaler-schuetzengilde.at\/main\/wp-content\/uploads\/2022\/10\/WhatsApp-Image-2022-09-08-at-20.40.28-150x150.jpeg\" class=\"attachment-thumbnail size-thumbnail\" alt=\"\" srcset=\"https:\/\/www.pielachtaler-schuetzengilde.at\/main\/wp-content\/uploads\/2022\/10\/WhatsApp-Image-2022-09-08-at-20.40.28-150x150.jpeg 150w, https:\/\/www.pielachtaler-schuetzengilde.at\/main\/wp-content\/uploads\/2022\/10\/WhatsApp-Image-2022-09-08-at-20.40.28-600x600.jpeg 600w\" sizes=\"(max-width: 150px) 100vw, 150px\" \/>\n\t\t\t<\/div><\/figure><figure class='gallery-item'>\n\t\t\t<div class='gallery-icon landscape'>\n\t\t\t\t<img loading=\"lazy\" decoding=\"async\" width=\"150\" height=\"150\" src=\"https:\/\/www.pielachtaler-schuetzengilde.at\/main\/wp-content\/uploads\/2022\/10\/WhatsApp-Image-2022-09-08-at-20.40.32-1-150x150.jpeg\" class=\"attachment-thumbnail size-thumbnail\" alt=\"\" srcset=\"https:\/\/www.pielachtaler-schuetzengilde.at\/main\/wp-content\/uploads\/2022\/10\/WhatsApp-Image-2022-09-08-at-20.40.32-1-150x150.jpeg 150w, https:\/\/www.pielachtaler-schuetzengilde.at\/main\/wp-content\/uploads\/2022\/10\/WhatsApp-Image-2022-09-08-at-20.40.32-1-600x600.jpeg 600w\" sizes=\"(max-width: 150px) 100vw, 150px\" \/>\n\t\t\t<\/div><\/figure><figure class='gallery-item'>\n\t\t\t<div class='gallery-icon portrait'>\n\t\t\t\t<img loading=\"lazy\" decoding=\"async\" width=\"150\" height=\"150\" src=\"https:\/\/www.pielachtaler-schuetzengilde.at\/main\/wp-content\/uploads\/2022\/10\/WhatsApp-Image-2022-09-08-at-20.40.34-3-150x150.jpeg\" class=\"attachment-thumbnail size-thumbnail\" alt=\"\" srcset=\"https:\/\/www.pielachtaler-schuetzengilde.at\/main\/wp-content\/uploads\/2022\/10\/WhatsApp-Image-2022-09-08-at-20.40.34-3-150x150.jpeg 150w, https:\/\/www.pielachtaler-schuetzengilde.at\/main\/wp-content\/uploads\/2022\/10\/WhatsApp-Image-2022-09-08-at-20.40.34-3-600x600.jpeg 600w\" sizes=\"(max-width: 150px) 100vw, 150px\" \/>\n\t\t\t<\/div><\/figure><figure class='gallery-item'>\n\t\t\t<div class='gallery-icon landscape'>\n\t\t\t\t<img loading=\"lazy\" decoding=\"async\" width=\"150\" height=\"150\" src=\"https:\/\/www.pielachtaler-schuetzengilde.at\/main\/wp-content\/uploads\/2022\/10\/WhatsApp-Image-2022-09-08-at-20.40.33-1-150x150.jpeg\" class=\"attachment-thumbnail size-thumbnail\" alt=\"\" srcset=\"https:\/\/www.pielachtaler-schuetzengilde.at\/main\/wp-content\/uploads\/2022\/10\/WhatsApp-Image-2022-09-08-at-20.40.33-1-150x150.jpeg 150w, https:\/\/www.pielachtaler-schuetzengilde.at\/main\/wp-content\/uploads\/2022\/10\/WhatsApp-Image-2022-09-08-at-20.40.33-1-600x600.jpeg 600w\" sizes=\"(max-width: 150px) 100vw, 150px\" \/>\n\t\t\t<\/div><\/figure>\n\t\t<\/div>\n\t\t<\/div>\n\t\t\t\t\t\t<\/div>\n\t\t\t\t<\/div>\n\t\t\t\t\t<\/div>\n\t\t<\/div>\n\t\t\t\t<div class=\"elementor-column elementor-col-66 elementor-top-column elementor-element elementor-element-90090d6\" data-id=\"90090d6\" data-element_type=\"column\" data-e-type=\"column\">\n\t\t\t<div class=\"elementor-widget-wrap elementor-element-populated\">\n\t\t\t\t\t\t<div class=\"elementor-element elementor-element-bdf9f3c elementor-widget elementor-widget-text-editor\" data-id=\"bdf9f3c\" data-element_type=\"widget\" data-e-type=\"widget\" data-widget_type=\"text-editor.default\">\n\t\t\t\t<div class=\"elementor-widget-container\">\n\t\t\t\t\t\t\t\t\t<p><!-- \/wp:paragraph --><!-- wp:heading --><\/p>\n<h2 style=\"text-align: center;\"><span style=\"color: #000000;\">Willkommen bei der Pielachtaler Sch\u00fctzengilde<\/span><\/h2>\n<p><span style=\"color: #000000;\"><!-- \/wp:heading --><!-- wp:paragraph --><\/span><\/p>\n<p>\u00a0<\/p>\n<p><span style=\"color: #000000;\">Unsere Sch\u00fctzengilde wurde 1963 gegr\u00fcndet und erfreut sich bis heute gro\u00dfer Beliebtheit.<\/span><\/p>\n<p><span style=\"color: #000000;\"><!-- \/wp:paragraph --><!-- wp:paragraph --><\/span><\/p>\n<p><span style=\"color: #000000;\">Dreimal w\u00f6chentlich hat man die M\u00f6glichkeit, bei uns zu trainieren und das Vereinsleben zu pflegen. Sei es in der Schie\u00dfst\u00e4tte &#8222;Luftgewehr&#8220; oder im Sommer, immer Mittwochs in unserer &#8222;Kleinkaliber&#8220; Schie\u00dfst\u00e4tte. Denn schlie\u00dflich lernt man auch viel von den \u00e4lteren Sch\u00fctzen. Ein gemeinsames Miteinander liegt uns sehr am Herzen, denn nur gemeinsam sind wir stark. Zudem soll unsere Schie\u00dfst\u00e4tte nicht nur ein Platz zum Trainieren sein, sondern auch ein Ort an dem man sich rundherum wohlf\u00fchlt und gerne kommt. So ist<\/span><span style=\"color: #000000;\">\u00a0bei uns auch f\u00fcr das leibliche Wohl stehts gesorgt.<\/span><\/p>\n<p><span style=\"color: #000000;\">Weiters sind wir auch sehr stolz auf unsere Garde, welche auch seit der Gr\u00fcndung mit zum Geschehen geh\u00f6rt.\u00a0<\/span><\/p>\n<p><span style=\"color: #000000;\"><!-- \/wp:paragraph --><!-- wp:paragraph --><\/span><\/p>\n<p><span style=\"color: #000000;\">Bei uns ist jeder, ob m\u00e4nnlich oder weiblich, Sport-, Hobbysch\u00fctze oder Waidmann, herzlich willkommen. Auch G\u00e4ste oder Interessierte sind gerne gesehen. Denn schlie\u00dflich wollen wir, dass unsere Sch\u00fctzengilde noch viele Jahre diese Tradition weiterleben l\u00e4sst.<\/span><\/p>\n<p><span style=\"color: #000000;\"><!-- \/wp:paragraph --><!-- wp:paragraph --><\/span><\/p>\n<p><span style=\"color: #000000;\">Damit auch die Kleinsten die M\u00f6glichkeit haben, in diese Sportart reinzuschnuppern, findet Dienstags immer das Kindertraining, welches sich gro\u00dfer Beliebtheit erfreut, unter der Leitung von Birgit Schalhas mit Unterst\u00fctzung unseres ehemaligen Obersch\u00fctzenmeisters Erhard Wiedl statt.<\/span><\/p>\n<p><span style=\"color: #000000;\"><!-- \/wp:paragraph --><!-- wp:paragraph --><\/span><\/p>\n<p><span style=\"color: #000000;\">Unsere Schie\u00dfst\u00e4tte verf\u00fcgt \u00fcber 6 Schie\u00dfpl\u00e4tze und eine elektronische Auswertung, welche auf Wunsch die Auswertung auf unserem Fernseher wiedergibt.<\/span><\/p>\n<p><span style=\"color: #000000;\"><!-- \/wp:paragraph --><!-- wp:paragraph --><\/span><\/p>\n<p><span style=\"color: #000000;\">Zus\u00e4tzlich zu unseren Bewerben haben wir auch beim Training kleinere Ziele aufgestellt, welche dann am Ende des Monats gew\u00fcrdigt werden. So kommt bei uns nie Langeweile auf und der Kampfgeist bleibt erhalten.<\/span><\/p>\n<p>\u00a0<\/p>\n<h3 style=\"text-align: center;\"><span style=\"color: #000000;\"><strong>Mit Sch\u00fctzengru\u00df<\/strong><\/span><br \/><span style=\"color: #000000;\"><strong>Die Pielachtaler Sch\u00fctzengilde<\/strong><\/span><\/h3>\n<p><span style=\"color: #000000;\"><!-- \/wp:paragraph --><!-- wp:paragraph --><\/span><\/p>\n<p>\u00a0<\/p>\n<p><span style=\"color: #000000;\"><!-- \/wp:paragraph --><!-- wp:paragraph --><\/span><\/p>\n<p>\u00a0<\/p>\n<p><span style=\"color: #000000;\"><!-- \/wp:paragraph --><!-- wp:paragraph --><\/span><\/p>\n<p>\u00a0<\/p>\n<p><span style=\"color: #000000;\"><!-- \/wp:paragraph --><\/span><\/p>\t\t\t\t\t\t\t\t<\/div>\n\t\t\t\t<\/div>\n\t\t\t\t<div class=\"elementor-element elementor-element-ab371ef elementor-widget elementor-widget-image\" data-id=\"ab371ef\" data-element_type=\"widget\" data-e-type=\"widget\" data-widget_type=\"image.default\">\n\t\t\t\t<div class=\"elementor-widget-container\">\n\t\t\t\t\t\t\t\t\t\t\t\t\t\t\t<img loading=\"lazy\" decoding=\"async\" width=\"1024\" height=\"349\" src=\"https:\/\/www.pielachtaler-schuetzengilde.at\/main\/wp-content\/uploads\/2025\/08\/asvoe-niederoesterreich-logo.png\" class=\"attachment-large size-large wp-image-1230\" alt=\"\" srcset=\"https:\/\/www.pielachtaler-schuetzengilde.at\/main\/wp-content\/uploads\/2025\/08\/asvoe-niederoesterreich-logo.png 1024w, https:\/\/www.pielachtaler-schuetzengilde.at\/main\/wp-content\/uploads\/2025\/08\/asvoe-niederoesterreich-logo-300x102.png 300w, https:\/\/www.pielachtaler-schuetzengilde.at\/main\/wp-content\/uploads\/2025\/08\/asvoe-niederoesterreich-logo-768x262.png 768w\" sizes=\"(max-width: 1024px) 100vw, 1024px\" \/>\t\t\t\t\t\t\t\t\t\t\t\t\t\t\t<\/div>\n\t\t\t\t<\/div>\n\t\t\t\t\t<\/div>\n\t\t<\/div>\n\t\t\t\t<div class=\"elementor-column elementor-col-16 elementor-top-column elementor-element elementor-element-37d82ff\" data-id=\"37d82ff\" data-element_type=\"column\" data-e-type=\"column\">\n\t\t\t<div class=\"elementor-widget-wrap elementor-element-populated\">\n\t\t\t\t\t\t<div class=\"elementor-element elementor-element-eab0c12 elementor-invisible elementor-widget elementor-widget-image-gallery\" data-id=\"eab0c12\" data-element_type=\"widget\" data-e-type=\"widget\" data-settings=\"{&quot;_animation&quot;:&quot;fadeInRight&quot;}\" data-widget_type=\"image-gallery.default\">\n\t\t\t\t<div class=\"elementor-widget-container\">\n\t\t\t\t\t\t\t<div class=\"elementor-image-gallery\">\n\t\t\t<div id='gallery-2' class='gallery galleryid-2 gallery-columns-1 gallery-size-thumbnail'><figure class='gallery-item'>\n\t\t\t<div class='gallery-icon landscape'>\n\t\t\t\t<img loading=\"lazy\" decoding=\"async\" width=\"150\" height=\"150\" src=\"https:\/\/www.pielachtaler-schuetzengilde.at\/main\/wp-content\/uploads\/2022\/09\/WhatsApp-Image-2022-09-08-at-20.40.35-1-150x150.jpeg\" class=\"attachment-thumbnail size-thumbnail\" alt=\"\" srcset=\"https:\/\/www.pielachtaler-schuetzengilde.at\/main\/wp-content\/uploads\/2022\/09\/WhatsApp-Image-2022-09-08-at-20.40.35-1-150x150.jpeg 150w, https:\/\/www.pielachtaler-schuetzengilde.at\/main\/wp-content\/uploads\/2022\/09\/WhatsApp-Image-2022-09-08-at-20.40.35-1-600x600.jpeg 600w\" sizes=\"(max-width: 150px) 100vw, 150px\" \/>\n\t\t\t<\/div><\/figure><figure class='gallery-item'>\n\t\t\t<div class='gallery-icon portrait'>\n\t\t\t\t<img loading=\"lazy\" decoding=\"async\" width=\"150\" height=\"150\" src=\"https:\/\/www.pielachtaler-schuetzengilde.at\/main\/wp-content\/uploads\/2022\/10\/WhatsApp-Image-2022-09-08-at-20.40.36-1-150x150.jpeg\" class=\"attachment-thumbnail size-thumbnail\" alt=\"\" srcset=\"https:\/\/www.pielachtaler-schuetzengilde.at\/main\/wp-content\/uploads\/2022\/10\/WhatsApp-Image-2022-09-08-at-20.40.36-1-150x150.jpeg 150w, https:\/\/www.pielachtaler-schuetzengilde.at\/main\/wp-content\/uploads\/2022\/10\/WhatsApp-Image-2022-09-08-at-20.40.36-1-600x600.jpeg 600w\" sizes=\"(max-width: 150px) 100vw, 150px\" \/>\n\t\t\t<\/div><\/figure><figure class='gallery-item'>\n\t\t\t<div class='gallery-icon portrait'>\n\t\t\t\t<img loading=\"lazy\" decoding=\"async\" width=\"150\" height=\"150\" src=\"https:\/\/www.pielachtaler-schuetzengilde.at\/main\/wp-content\/uploads\/2022\/10\/WhatsApp-Image-2022-09-08-at-20.40.34-1-150x150.jpeg\" class=\"attachment-thumbnail size-thumbnail\" alt=\"\" srcset=\"https:\/\/www.pielachtaler-schuetzengilde.at\/main\/wp-content\/uploads\/2022\/10\/WhatsApp-Image-2022-09-08-at-20.40.34-1-150x150.jpeg 150w, https:\/\/www.pielachtaler-schuetzengilde.at\/main\/wp-content\/uploads\/2022\/10\/WhatsApp-Image-2022-09-08-at-20.40.34-1-600x600.jpeg 600w\" sizes=\"(max-width: 150px) 100vw, 150px\" \/>\n\t\t\t<\/div><\/figure><figure class='gallery-item'>\n\t\t\t<div class='gallery-icon landscape'>\n\t\t\t\t<img loading=\"lazy\" decoding=\"async\" width=\"150\" height=\"150\" src=\"https:\/\/www.pielachtaler-schuetzengilde.at\/main\/wp-content\/uploads\/2022\/10\/WhatsApp-Image-2022-09-08-at-20.40.32-150x150.jpeg\" class=\"attachment-thumbnail size-thumbnail\" alt=\"\" srcset=\"https:\/\/www.pielachtaler-schuetzengilde.at\/main\/wp-content\/uploads\/2022\/10\/WhatsApp-Image-2022-09-08-at-20.40.32-150x150.jpeg 150w, https:\/\/www.pielachtaler-schuetzengilde.at\/main\/wp-content\/uploads\/2022\/10\/WhatsApp-Image-2022-09-08-at-20.40.32-600x600.jpeg 600w\" sizes=\"(max-width: 150px) 100vw, 150px\" \/>\n\t\t\t<\/div><\/figure><figure class='gallery-item'>\n\t\t\t<div class='gallery-icon landscape'>\n\t\t\t\t<img loading=\"lazy\" decoding=\"async\" width=\"150\" height=\"150\" src=\"https:\/\/www.pielachtaler-schuetzengilde.at\/main\/wp-content\/uploads\/2022\/09\/WhatsApp-Image-2022-09-08-at-20.40.21-150x150.jpeg\" class=\"attachment-thumbnail size-thumbnail\" alt=\"\" srcset=\"https:\/\/www.pielachtaler-schuetzengilde.at\/main\/wp-content\/uploads\/2022\/09\/WhatsApp-Image-2022-09-08-at-20.40.21-150x150.jpeg 150w, https:\/\/www.pielachtaler-schuetzengilde.at\/main\/wp-content\/uploads\/2022\/09\/WhatsApp-Image-2022-09-08-at-20.40.21-600x600.jpeg 600w\" sizes=\"(max-width: 150px) 100vw, 150px\" \/>\n\t\t\t<\/div><\/figure><figure class='gallery-item'>\n\t\t\t<div class='gallery-icon landscape'>\n\t\t\t\t<img loading=\"lazy\" decoding=\"async\" width=\"150\" height=\"150\" src=\"https:\/\/www.pielachtaler-schuetzengilde.at\/main\/wp-content\/uploads\/2022\/10\/WhatsApp-Image-2022-09-08-at-20.40.36-2-150x150.jpeg\" class=\"attachment-thumbnail size-thumbnail\" alt=\"\" srcset=\"https:\/\/www.pielachtaler-schuetzengilde.at\/main\/wp-content\/uploads\/2022\/10\/WhatsApp-Image-2022-09-08-at-20.40.36-2-150x150.jpeg 150w, https:\/\/www.pielachtaler-schuetzengilde.at\/main\/wp-content\/uploads\/2022\/10\/WhatsApp-Image-2022-09-08-at-20.40.36-2-600x600.jpeg 600w\" sizes=\"(max-width: 150px) 100vw, 150px\" \/>\n\t\t\t<\/div><\/figure>\n\t\t<\/div>\n\t\t<\/div>\n\t\t\t\t\t\t<\/div>\n\t\t\t\t<\/div>\n\t\t\t\t\t<\/div>\n\t\t<\/div>\n\t\t\t\t\t<\/div>\n\t\t<\/section>\n\t\t\t\t<\/div>\n\t\t","protected":false},"excerpt":{"rendered":"<p>Willkommen bei der Pielachtaler Sch\u00fctzengilde \u00a0 Unsere Sch\u00fctzengilde wurde 1963 gegr\u00fcndet und erfreut sich bis heute gro\u00dfer Beliebtheit. Dreimal w\u00f6chentlich hat man die M\u00f6glichkeit, bei uns zu trainieren und das [&hellip;]<\/p>\n","protected":false},"author":1,"featured_media":0,"parent":0,"menu_order":0,"comment_status":"closed","ping_status":"open","template":"","meta":{"footnotes":""},"class_list":["post-2","page","type-page","status-publish","hentry","entry"],"_links":{"self":[{"href":"https:\/\/www.pielachtaler-schuetzengilde.at\/main\/wp-json\/wp\/v2\/pages\/2","targetHints":{"allow":["GET"]}}],"collection":[{"href":"https:\/\/www.pielachtaler-schuetzengilde.at\/main\/wp-json\/wp\/v2\/pages"}],"about":[{"href":"https:\/\/www.pielachtaler-schuetzengilde.at\/main\/wp-json\/wp\/v2\/types\/page"}],"author":[{"embeddable":true,"href":"https:\/\/www.pielachtaler-schuetzengilde.at\/main\/wp-json\/wp\/v2\/users\/1"}],"replies":[{"embeddable":true,"href":"https:\/\/www.pielachtaler-schuetzengilde.at\/main\/wp-json\/wp\/v2\/comments?post=2"}],"version-history":[{"count":94,"href":"https:\/\/www.pielachtaler-schuetzengilde.at\/main\/wp-json\/wp\/v2\/pages\/2\/revisions"}],"predecessor-version":[{"id":1233,"href":"https:\/\/www.pielachtaler-schuetzengilde.at\/main\/wp-json\/wp\/v2\/pages\/2\/revisions\/1233"}],"wp:attachment":[{"href":"https:\/\/www.pielachtaler-schuetzengilde.at\/main\/wp-json\/wp\/v2\/media?parent=2"}],"curies":[{"name":"wp","href":"https:\/\/api.w.org\/{rel}","templated":true}]}}