{"id":18,"date":"2022-09-09T18:52:25","date_gmt":"2022-09-09T16:52:25","guid":{"rendered":"https:\/\/www.pielachtaler-schuetzengilde.at\/main\/?page_id=18"},"modified":"2023-04-23T17:27:33","modified_gmt":"2023-04-23T15:27:33","slug":"sponsoren","status":"publish","type":"page","link":"https:\/\/www.pielachtaler-schuetzengilde.at\/main\/sponsoren\/","title":{"rendered":"Sponsoren"},"content":{"rendered":"\n<p class=\"has-text-align-center has-black-color has-text-color has-medium-font-size\">Wir danken unseren Sponsoren f\u00fcr die tatkr\u00e4ftige Unterst\u00fctzung.<\/p>\n\n\n\n<p><\/p>\n\n\n\n<div class=\"wp-block-columns are-vertically-aligned-center is-layout-flex wp-container-core-columns-is-layout-9d6595d7 wp-block-columns-is-layout-flex\">\n<div class=\"wp-block-column is-vertically-aligned-center is-layout-flow wp-block-column-is-layout-flow\"><div class=\"wp-block-image\">\n<figure class=\"aligncenter size-medium is-resized\"><a href=\"https:\/\/www.elektro-sunk.at\/\"><img decoding=\"async\" src=\"https:\/\/www.pielachtaler-schuetzengilde.at\/main\/wp-content\/uploads\/2022\/10\/Logo-Sunk-2014-300x134.jpg\" alt=\"\" class=\"wp-image-179\" width=\"218\" height=\"101\"\/><\/a><\/figure>\n<\/div><\/div>\n\n\n\n<div class=\"wp-block-column is-vertically-aligned-center is-layout-flow wp-block-column-is-layout-flow\"><div class=\"wp-block-image\">\n<figure class=\"aligncenter size-medium is-resized\"><a href=\"https:\/\/www.landtechnik-eberhart.at\/\"><img decoding=\"async\" src=\"https:\/\/www.pielachtaler-schuetzengilde.at\/main\/wp-content\/uploads\/2022\/10\/Eberhart-244x300.jpg\" alt=\"\" class=\"wp-image-233\" width=\"134\" srcset=\"https:\/\/www.pielachtaler-schuetzengilde.at\/main\/wp-content\/uploads\/2022\/10\/Eberhart-244x300.jpg 244w, https:\/\/www.pielachtaler-schuetzengilde.at\/main\/wp-content\/uploads\/2022\/10\/Eberhart-833x1024.jpg 833w, https:\/\/www.pielachtaler-schuetzengilde.at\/main\/wp-content\/uploads\/2022\/10\/Eberhart-768x945.jpg 768w, https:\/\/www.pielachtaler-schuetzengilde.at\/main\/wp-content\/uploads\/2022\/10\/Eberhart-1249x1536.jpg 1249w, https:\/\/www.pielachtaler-schuetzengilde.at\/main\/wp-content\/uploads\/2022\/10\/Eberhart.jpg 1631w\" sizes=\"(max-width: 244px) 100vw, 244px\" \/><\/a><\/figure>\n<\/div><\/div>\n\n\n\n<div class=\"wp-block-column is-vertically-aligned-center is-layout-flow wp-block-column-is-layout-flow\"><div class=\"wp-block-image\">\n<figure class=\"aligncenter size-full is-resized\"><a href=\"https:\/\/www.grassmann.at\/sessel\/grassmann\/\"><img decoding=\"async\" src=\"https:\/\/www.pielachtaler-schuetzengilde.at\/main\/wp-content\/uploads\/2022\/10\/Grassmann-Sessel.png\" alt=\"\" class=\"wp-image-234\" width=\"238\" height=\"101\"\/><\/a><\/figure>\n<\/div><\/div>\n<\/div>\n\n\n\n<div class=\"wp-block-columns are-vertically-aligned-center is-layout-flex wp-container-core-columns-is-layout-9d6595d7 wp-block-columns-is-layout-flex\">\n<div class=\"wp-block-column is-vertically-aligned-center is-layout-flow wp-block-column-is-layout-flow\"><div class=\"wp-block-image\">\n<figure class=\"aligncenter size-full\"><a href=\"https:\/\/www.schalhas.com\"><img decoding=\"async\" width=\"238\" height=\"101\" src=\"https:\/\/www.pielachtaler-schuetzengilde.at\/main\/wp-content\/uploads\/2023\/01\/IT_Schalhas_Logo_Schuetzen.png\" alt=\"\" class=\"wp-image-797\"\/><\/a><\/figure>\n<\/div><\/div>\n\n\n\n<div class=\"wp-block-column is-vertically-aligned-center is-layout-flow wp-block-column-is-layout-flow\"><div class=\"wp-block-image\">\n<figure class=\"aligncenter size-full is-resized\"><a href=\"https:\/\/www.allianz.at\/de_AT\/privatkunden.html\"><img loading=\"lazy\" decoding=\"async\" src=\"https:\/\/www.pielachtaler-schuetzengilde.at\/main\/wp-content\/uploads\/2022\/10\/Allianz.png\" alt=\"\" class=\"wp-image-182\" width=\"238\" height=\"101\"\/><\/a><\/figure>\n<\/div><\/div>\n\n\n\n<div class=\"wp-block-column is-vertically-aligned-center is-layout-flow wp-block-column-is-layout-flow\"><div class=\"wp-block-image\">\n<figure class=\"aligncenter size-full is-resized\"><a href=\"http:\/\/www.schindlegger.com\/firma\/\"><img loading=\"lazy\" decoding=\"async\" src=\"https:\/\/www.pielachtaler-schuetzengilde.at\/main\/wp-content\/uploads\/2022\/10\/Schindlegger.png\" alt=\"\" class=\"wp-image-183\" width=\"238\" height=\"101\"\/><\/a><\/figure>\n<\/div><\/div>\n<\/div>\n","protected":false},"excerpt":{"rendered":"<p>Wir danken unseren Sponsoren f\u00fcr die tatkr\u00e4ftige Unterst\u00fctzung.<\/p>\n","protected":false},"author":1,"featured_media":0,"parent":0,"menu_order":0,"comment_status":"closed","ping_status":"closed","template":"","meta":{"footnotes":""},"class_list":["post-18","page","type-page","status-publish","hentry","entry"],"_links":{"self":[{"href":"https:\/\/www.pielachtaler-schuetzengilde.at\/main\/wp-json\/wp\/v2\/pages\/18","targetHints":{"allow":["GET"]}}],"collection":[{"href":"https:\/\/www.pielachtaler-schuetzengilde.at\/main\/wp-json\/wp\/v2\/pages"}],"about":[{"href":"https:\/\/www.pielachtaler-schuetzengilde.at\/main\/wp-json\/wp\/v2\/types\/page"}],"author":[{"embeddable":true,"href":"https:\/\/www.pielachtaler-schuetzengilde.at\/main\/wp-json\/wp\/v2\/users\/1"}],"replies":[{"embeddable":true,"href":"https:\/\/www.pielachtaler-schuetzengilde.at\/main\/wp-json\/wp\/v2\/comments?post=18"}],"version-history":[{"count":41,"href":"https:\/\/www.pielachtaler-schuetzengilde.at\/main\/wp-json\/wp\/v2\/pages\/18\/revisions"}],"predecessor-version":[{"id":938,"href":"https:\/\/www.pielachtaler-schuetzengilde.at\/main\/wp-json\/wp\/v2\/pages\/18\/revisions\/938"}],"wp:attachment":[{"href":"https:\/\/www.pielachtaler-schuetzengilde.at\/main\/wp-json\/wp\/v2\/media?parent=18"}],"curies":[{"name":"wp","href":"https:\/\/api.w.org\/{rel}","templated":true}]}}