{"id":13,"date":"2022-09-07T11:16:13","date_gmt":"2022-09-07T09:16:13","guid":{"rendered":"https:\/\/www.pielachtaler-schuetzengilde.at\/main\/?page_id=13"},"modified":"2024-06-26T10:24:21","modified_gmt":"2024-06-26T08:24:21","slug":"kontakt","status":"publish","type":"page","link":"https:\/\/www.pielachtaler-schuetzengilde.at\/main\/kontakt\/","title":{"rendered":"Kontakt"},"content":{"rendered":"\t\t<div data-elementor-type=\"wp-page\" data-elementor-id=\"13\" class=\"elementor elementor-13\">\n\t\t\t\t\t\t<section class=\"elementor-section elementor-top-section elementor-element elementor-element-f226e45 elementor-section-boxed elementor-section-height-default elementor-section-height-default\" data-id=\"f226e45\" data-element_type=\"section\" data-e-type=\"section\">\n\t\t\t\t\t\t<div class=\"elementor-container elementor-column-gap-default\">\n\t\t\t\t\t<div class=\"elementor-column elementor-col-50 elementor-top-column elementor-element elementor-element-e2197e3\" data-id=\"e2197e3\" data-element_type=\"column\" data-e-type=\"column\">\n\t\t\t<div class=\"elementor-widget-wrap elementor-element-populated\">\n\t\t\t\t\t\t<div class=\"elementor-element elementor-element-340f659 elementor-widget elementor-widget-text-editor\" data-id=\"340f659\" data-element_type=\"widget\" data-e-type=\"widget\" data-widget_type=\"text-editor.default\">\n\t\t\t\t<div class=\"elementor-widget-container\">\n\t\t\t\t\t\t\t\t\t<p><\/p>\n<p><\/p>\n<h2><span style=\"text-decoration: underline;\"><span style=\"color: #000000; text-decoration: underline;\">Schie\u00dfst\u00e4tte Luftgewehr<\/span><\/span><\/h2>\n<h2><strong style=\"font-size: 16px;\"><span style=\"color: #000000;\">Pielachtaler Sch\u00fctzengilde<\/span><\/strong><\/h2>\n<div class=\"wp-block-columns\">\n<div class=\"wp-block-column\">\n<p class=\"MsoNoSpacing\"><span style=\"color: #000000;\"><span style=\"color: #000000;\">Schwerbach 4<\/span><\/span><br><span style=\"color: #000000;\">3204 Kirchberg an der Pielach<\/span><\/p>\n<p><span style=\"color: #000000;\"><\/span><\/p>\n<p><span lang=\"FR\" style=\"color: #000000;\"><strong>EMail:<\/strong> verein@pielachtaler-schuetzengilde.at<\/span><\/p>\n<p><span style=\"color: #000000; font-size: 14px;\"><strong>Tel. Kluttig Rudolf:<\/strong> 0664 3969888<\/span><br><span style=\"font-size: 14px; color: #000000;\"><strong>Tel. Schalhas Martin:<\/strong> 0660 3126459<\/span><\/p>\n<\/div>\n<\/div>\n<p><\/p>\t\t\t\t\t\t\t\t<\/div>\n\t\t\t\t<\/div>\n\t\t\t\t\t<\/div>\n\t\t<\/div>\n\t\t\t\t<div class=\"elementor-column elementor-col-50 elementor-top-column elementor-element elementor-element-f5be20f\" data-id=\"f5be20f\" data-element_type=\"column\" data-e-type=\"column\">\n\t\t\t<div class=\"elementor-widget-wrap elementor-element-populated\">\n\t\t\t\t\t\t<div class=\"elementor-element elementor-element-527bfc1 elementor-widget elementor-widget-text-editor\" data-id=\"527bfc1\" data-element_type=\"widget\" data-e-type=\"widget\" data-widget_type=\"text-editor.default\">\n\t\t\t\t<div class=\"elementor-widget-container\">\n\t\t\t\t\t\t\t\t\t<p><\/p>\n<p>\u00a0<\/p>\n<h4>\u00d6ffnungszeiten:<\/h4>\n<p><strong><span style=\"color: #000000;\">In den Sommermonaten:<\/span><\/strong><br \/><span style=\"color: #000000;\">Montag und Freitag ab 15.30<\/span><br \/><br \/><strong><span style=\"color: #000000;\">Herbst, Winter, Fr\u00fchjahr:<\/span><\/strong><br \/><span style=\"color: #000000;\">Montag, Mittwoch und Freitag ab 15.30<\/span><br \/><br \/><span style=\"color: #000000;\"><\/span><\/p>\t\t\t\t\t\t\t\t<\/div>\n\t\t\t\t<\/div>\n\t\t\t\t\t<\/div>\n\t\t<\/div>\n\t\t\t\t\t<\/div>\n\t\t<\/section>\n\t\t\t\t<section class=\"elementor-section elementor-top-section elementor-element elementor-element-c04a4f1 elementor-section-boxed elementor-section-height-default elementor-section-height-default\" data-id=\"c04a4f1\" data-element_type=\"section\" data-e-type=\"section\">\n\t\t\t\t\t\t<div class=\"elementor-container elementor-column-gap-default\">\n\t\t\t\t\t<div class=\"elementor-column elementor-col-50 elementor-top-column elementor-element elementor-element-0df0ba4\" data-id=\"0df0ba4\" data-element_type=\"column\" data-e-type=\"column\">\n\t\t\t<div class=\"elementor-widget-wrap elementor-element-populated\">\n\t\t\t\t\t\t<div class=\"elementor-element elementor-element-8b173b7 elementor-widget elementor-widget-text-editor\" data-id=\"8b173b7\" data-element_type=\"widget\" data-e-type=\"widget\" data-widget_type=\"text-editor.default\">\n\t\t\t\t<div class=\"elementor-widget-container\">\n\t\t\t\t\t\t\t\t\t<h2><span style=\"text-decoration: underline;\"><strong>Schie\u00dfst\u00e4tte Kleinkaliber<\/strong><\/span><\/h2>\n<h4>Pielachtaler Sch\u00fctzengilde<\/h4>\n<p><span style=\"color: #000000;\">Schwerbach 4<\/span><br \/><span style=\"color: #000000;\">3204 Kirchberg an der Pielach<\/span><\/p>\n<p><span style=\"color: #000000;\"><strong>EMail:<\/strong> verein@pielachtaler-schuetzengilde.at<\/span><\/p>\n<p><span style=\"color: #000000;\"><span style=\"color: #000000; font-size: 14px;\"><strong>Tel. Eberhart Herbert:<\/strong> 0664 5105108<\/span><br \/><span style=\"font-size: 14px; color: #000000;\"><strong>Tel. Kluttig Rudolf:<\/strong> 0664 3969888<\/span><\/span><\/p>\t\t\t\t\t\t\t\t<\/div>\n\t\t\t\t<\/div>\n\t\t\t\t\t<\/div>\n\t\t<\/div>\n\t\t\t\t<div class=\"elementor-column elementor-col-50 elementor-top-column elementor-element elementor-element-f24a8b5\" data-id=\"f24a8b5\" data-element_type=\"column\" data-e-type=\"column\">\n\t\t\t<div class=\"elementor-widget-wrap elementor-element-populated\">\n\t\t\t\t\t\t<div class=\"elementor-element elementor-element-76c468b elementor-widget elementor-widget-text-editor\" data-id=\"76c468b\" data-element_type=\"widget\" data-e-type=\"widget\" data-widget_type=\"text-editor.default\">\n\t\t\t\t<div class=\"elementor-widget-container\">\n\t\t\t\t\t\t\t\t\t<p>\u00a0<\/p>\n<h4>\u00d6ffnungszeiten:<\/h4>\n<p><strong><span style=\"color: #000000;\">In den Sommermonaten:<\/span><\/strong><br \/><span style=\"color: #000000;\">Mittwoch ab 15.30<\/span><\/p>\n<p><strong><span style=\"color: #000000;\">Herbst, Winter, Fr\u00fchjahr:<\/span><\/strong><br \/><span style=\"color: #000000;\">Geschlossen<\/span><\/p>\t\t\t\t\t\t\t\t<\/div>\n\t\t\t\t<\/div>\n\t\t\t\t\t<\/div>\n\t\t<\/div>\n\t\t\t\t\t<\/div>\n\t\t<\/section>\n\t\t\t\t<section class=\"elementor-section elementor-top-section elementor-element elementor-element-178d375 elementor-section-boxed elementor-section-height-default elementor-section-height-default\" data-id=\"178d375\" data-element_type=\"section\" data-e-type=\"section\">\n\t\t\t\t\t\t<div class=\"elementor-container elementor-column-gap-default\">\n\t\t\t\t\t<div class=\"elementor-column elementor-col-100 elementor-top-column elementor-element elementor-element-f7fba15\" data-id=\"f7fba15\" data-element_type=\"column\" data-e-type=\"column\">\n\t\t\t<div class=\"elementor-widget-wrap elementor-element-populated\">\n\t\t\t\t\t\t<div class=\"elementor-element elementor-element-e140d34 elementor-widget elementor-widget-text-editor\" data-id=\"e140d34\" data-element_type=\"widget\" data-e-type=\"widget\" data-widget_type=\"text-editor.default\">\n\t\t\t\t<div class=\"elementor-widget-container\">\n\t\t\t\t\t\t\t\t\t<h2><span style=\"text-decoration: underline;\"><strong>Rosenschie\u00dfstand &#8211; Schie\u00dfbude<\/strong><\/span><\/h2>\n<h4>Pielachtaler Sch\u00fctzengilde<\/h4>\n<p><span style=\"color: #000000;\">Schwerbach 4<\/span><br><span style=\"color: #000000;\">3204 Kirchberg an der Pielach<\/span><\/p>\n<p><span style=\"color: #000000;\"><strong>EMail:<\/strong> verein@pielachtaler-schuetzengilde.at<\/span><\/p>\n<p><span style=\"color: #000000; font-size: 14px;\"><strong>Tel. K\u00f6nig Markus:<\/strong> 0664 3969888<\/span><br><span style=\"font-size: 14px; color: #000000;\"><strong>Tel. Grassmann Bernhard:<\/strong> 0664 5272259<\/span><\/p>\t\t\t\t\t\t\t\t<\/div>\n\t\t\t\t<\/div>\n\t\t\t\t\t<\/div>\n\t\t<\/div>\n\t\t\t\t\t<\/div>\n\t\t<\/section>\n\t\t\t\t<\/div>\n\t\t","protected":false},"excerpt":{"rendered":"<p>Schie\u00dfst\u00e4tte Luftgewehr Pielachtaler Sch\u00fctzengilde Schwerbach 43204 Kirchberg an der Pielach EMail: verein@pielachtaler-schuetzengilde.at Tel. Kluttig Rudolf: 0664 3969888Tel. Schalhas Martin: 0660 3126459 \u00a0 \u00d6ffnungszeiten: In den Sommermonaten:Montag und Freitag ab 15.30 [&hellip;]<\/p>\n","protected":false},"author":1,"featured_media":0,"parent":0,"menu_order":0,"comment_status":"closed","ping_status":"closed","template":"","meta":{"footnotes":""},"class_list":["post-13","page","type-page","status-publish","hentry","entry"],"_links":{"self":[{"href":"https:\/\/www.pielachtaler-schuetzengilde.at\/main\/wp-json\/wp\/v2\/pages\/13","targetHints":{"allow":["GET"]}}],"collection":[{"href":"https:\/\/www.pielachtaler-schuetzengilde.at\/main\/wp-json\/wp\/v2\/pages"}],"about":[{"href":"https:\/\/www.pielachtaler-schuetzengilde.at\/main\/wp-json\/wp\/v2\/types\/page"}],"author":[{"embeddable":true,"href":"https:\/\/www.pielachtaler-schuetzengilde.at\/main\/wp-json\/wp\/v2\/users\/1"}],"replies":[{"embeddable":true,"href":"https:\/\/www.pielachtaler-schuetzengilde.at\/main\/wp-json\/wp\/v2\/comments?post=13"}],"version-history":[{"count":45,"href":"https:\/\/www.pielachtaler-schuetzengilde.at\/main\/wp-json\/wp\/v2\/pages\/13\/revisions"}],"predecessor-version":[{"id":1224,"href":"https:\/\/www.pielachtaler-schuetzengilde.at\/main\/wp-json\/wp\/v2\/pages\/13\/revisions\/1224"}],"wp:attachment":[{"href":"https:\/\/www.pielachtaler-schuetzengilde.at\/main\/wp-json\/wp\/v2\/media?parent=13"}],"curies":[{"name":"wp","href":"https:\/\/api.w.org\/{rel}","templated":true}]}}